{"id":126,"date":"2018-04-20T09:04:07","date_gmt":"2018-04-20T09:04:07","guid":{"rendered":"http:\/\/reinhardt-werbung.de\/?page_id=126"},"modified":"2018-04-23T12:06:19","modified_gmt":"2018-04-23T12:06:19","slug":"designwettbewerb-wunschpate","status":"publish","type":"page","link":"https:\/\/reinhardt-werbung.de\/?page_id=126","title":{"rendered":"DESIGNWETTBEWERB &#8222;WUNSCHPATE&#8220;"},"content":{"rendered":"<p><img loading=\"lazy\" class=\"alignnone size-full wp-image-127\" src=\"http:\/\/reinhardt-werbung.de\/wp-content\/uploads\/2018\/04\/Siegerehrung-Wunschpate-620x315.jpg\" alt=\"\" width=\"620\" height=\"315\" srcset=\"https:\/\/reinhardt-werbung.de\/wp-content\/uploads\/2018\/04\/Siegerehrung-Wunschpate-620x315.jpg 620w, https:\/\/reinhardt-werbung.de\/wp-content\/uploads\/2018\/04\/Siegerehrung-Wunschpate-620x315-300x152.jpg 300w\" sizes=\"(max-width: 620px) 100vw, 620px\" \/><\/p>\n<p><strong>29. August 2016:<\/strong> Die Gestalterin des gew\u00e4hlten Plakates Katja Reinhardt(Mitte) erhielt aus den H\u00e4nden vom Vorstand der Volksbank eG Gera \u2022 Jena \u2022 Rudolstadt, Hendrik Ziegenbein und Filialdirektorin Claudia F\u00f6rster das ausgelobte Preisgeld in H\u00f6he von 750 Euro.<\/p>\n<p><a href=\"http:\/\/reinhardt-werbung.de\/?page_id=89\">&lt; zur\u00fcck<\/a><\/p>\n","protected":false},"excerpt":{"rendered":"<p>29. August 2016: Die Gestalterin des gew\u00e4hlten Plakates Katja Reinhardt(Mitte) erhielt aus den H\u00e4nden vom Vorstand der Volksbank eG Gera \u2022 Jena \u2022 Rudolstadt, Hendrik Ziegenbein und Filialdirektorin Claudia F\u00f6rster das ausgelobte Preisgeld in H\u00f6he von 750 Euro. &lt; zur\u00fcck<\/p>\n","protected":false},"author":1,"featured_media":128,"parent":0,"menu_order":0,"comment_status":"closed","ping_status":"closed","template":"","meta":[],"_links":{"self":[{"href":"https:\/\/reinhardt-werbung.de\/index.php?rest_route=\/wp\/v2\/pages\/126"}],"collection":[{"href":"https:\/\/reinhardt-werbung.de\/index.php?rest_route=\/wp\/v2\/pages"}],"about":[{"href":"https:\/\/reinhardt-werbung.de\/index.php?rest_route=\/wp\/v2\/types\/page"}],"author":[{"embeddable":true,"href":"https:\/\/reinhardt-werbung.de\/index.php?rest_route=\/wp\/v2\/users\/1"}],"replies":[{"embeddable":true,"href":"https:\/\/reinhardt-werbung.de\/index.php?rest_route=%2Fwp%2Fv2%2Fcomments&post=126"}],"version-history":[{"count":3,"href":"https:\/\/reinhardt-werbung.de\/index.php?rest_route=\/wp\/v2\/pages\/126\/revisions"}],"predecessor-version":[{"id":133,"href":"https:\/\/reinhardt-werbung.de\/index.php?rest_route=\/wp\/v2\/pages\/126\/revisions\/133"}],"wp:featuredmedia":[{"embeddable":true,"href":"https:\/\/reinhardt-werbung.de\/index.php?rest_route=\/wp\/v2\/media\/128"}],"wp:attachment":[{"href":"https:\/\/reinhardt-werbung.de\/index.php?rest_route=%2Fwp%2Fv2%2Fmedia&parent=126"}],"curies":[{"name":"wp","href":"https:\/\/api.w.org\/{rel}","templated":true}]}}